 -48).
33
What is (-22 - (115 + (-39 - -5))) + 4 + -3 + -7?
-109
What is the value of -1518 - -1599 - (137 - -1)?
-57
Evaluate (12 - (-2 + -1)) + -1722 + 1578.
-129
What is -41 + -10 + 30 + (-7 + -3 - 1)?
-32
Calculate -7 - (-3 - (-21 + 27 - 10)).
-8
Calculate (-13 - (-13 - (-11 - -30))) + (1 + -1 - 4).
15
Evaluate 15 + (-17 - (-6 - 19)) - (8 + -11).
26
Evaluate -22 + 14 - (-8 + -36 + 6 + -1).
31
Evaluate 4 - -53 - ((-77 - -144) + -78).
68
(-15 - -10) + 3 + (22 - (-9 + -19))
48
Calculate -27 + 27 + -9 - (1 + 0 - 3 - 4).
-3
Calculate (4 - 3 - (1 + -2)) + (-849 - -833).
-14
What is the value of 0 + -5 - (-159 + 123) - (-1 + -7 + 5)?
34
(-15 - (-18 - 132)) + 16 + -46
105
(-1 + -10 + 8 + 7 - 6) + 12 + -12
-2
What is the value of 16 + -1 + -14 - (0 + -30)?
31
What is -15 + (-2 - (8 + -4)) + 13 + 10 + 82?
84
2 + -7 - (54 + -40 - (2 - -4 - -6))
-7
Evaluate -40 + (23 - 14) + 14.
-17
Evaluate 5 - 2 - ((0 + 3 + -6 - -9) + 3).
-6
Calculate (-14 - -21) + -14 + 11 + (-2 - -3) - -55.
60
What is the value of -29 + -11 + (-8 + 6 - -15) + -33 + 9?
-51
What is (13 - 94) + 24 + -1 + -13 - (7 + 4)?
-82
What is 14 + -1 + (-3 - -5 - (61 + -103)) + 14?
71
What is 14 + -4 + (-10 - (-41 - -26))?
15
What is the value of (-5 - -2) + (2 + -3 - -2) + 86 + -87?
-3
Evaluate (30 - 19) + -22 - -37.
26
-3 - 34 - (124 - (-127 + 368))
80
-11 - 34 - ((0 - 11) + 31 + -28)
-37
What is 1 - 0 - 1 - (26841 + -26813)?
-28
What is (-3 + (-9 + 24 - 5) - 2) + 96?
101
What is the value of -100 - -103 - (-3 + -2 + -3 + 6) - -85?
90
Evaluate 39 + -126 - -55 - -45.
13
Calculate (21 + -16 - 16) + (-13 - -8 - -24).
8
Calculate 4 + (-11 - -9) - (-20 + 4 + -4 + 4).
18
Evaluate 56 + 1 + -22 + 69.
104
What is (-14 - (-29 - 14)) + -38 - (-10 - 0) - -9?
10
Calculate 5 + -15 + (9 - 39).
-40
What is the value of (38 - (-39 + 28)) + -61?
-12
Calculate -26 + 1 + (1179 - 1140).
14
What is the value of 25 - (26 + 32) - 20 - 19?
-72
Calculate -15 - ((-20 + -3 - -30) + 14).
-36
What is -3 + 51 - (2 + 54)?
-8
What is the value of (-25 - -4) + (-76 - 3) + 125 + -91?
-66
What is the value of (-38 - -40) + (-12 - -8)?
-2
What is (-8 - -124 - -1) + -18 - (0 + -19)?
118
What is the value of 1 + -2 - (-17 + (27 + -123 - (8 + -15)))?
105
Evaluate 0 + 5 + -771 + 822 + 0 + -8 + 1.
49
What is the value of (-12 + 13 - (-69 - 0)) + (56 - 129) + 80?
77
33 + (-20 - (-1 - (34 + -34)))
14
Evaluate -36 + -12 + (67 - 45) + 38.
12
What is (-4 + 1 - (26 + (13 - 37))) + 125?
120
Evaluate -36 - (10 - (31 - 13) - 0).
-28
What is (216 - (99 + 55)) + -34?
28
-7 - (((-15 - 0) + 15 - -3) + -4 + 3)
-9
Calculate (0 - -10) + (-29729 - -29676).
-43
What is (4 - -10 - 10) + -14 + 4 + 31?
25
-4 + 9 + -52 + 54 + -61
-54
Calculate (-36 + 14 - 30) + 38.
-14
What is 5 - (22 + -27 - -19) - (-14 - -1)?
4
Calculate -4 - -70 - (24 - (27 + 19)).
88
What is (-8 - 5 - -13) + (9 - (-108 - 4) - -3)?
124
What is (3016 - 2910) + (-2 - 85)?
19
What is -6 + 24 + -18 + (17 - -4)?
21
What is 0 - -24 - (-20 - 7 - (30 + -65))?
16
What is the value of 62 + (33 + -26 - 133)?
-64
Calculate 60 - (54 - (-29 + 44)).
21
What is the value of -80 + -8 - (1170 + -1276)?
18
Calculate (2733 - 2578) + -81 + -1.
73
What is the value of (0 + 1 - ((2 - 4) + -10)) + 37966 + -37934?
45
Calculate (-44 - -71) + (10 - 17) + (0 - -4).
24
Calculate 292 + (-6 - 139) + -172.
-25
Evaluate -26 + -8 + 0 + (3 - 2) + 12.
-21
What is -24 + (15 - 5) - ((9 - 73) + -15)?
65
Evaluate (-13 + -43 - -26 - -8) + 86.
64
What is -84001 + 84128 - (4 + -4 + (13 - (1 - 0)))?
115
Calculate 1 - (5 - 76) - (-134 - -154).
52
What is the value of 31 - -2 - (27 + -26 - (-1 + -3 - -8))?
36
What is -97 + 1 - (-113 + 134 - (41 - 2))?
-78
Evaluate 26 - ((46 + -43 + 10 - (12 - 1)) + -13).
37
Calculate (69 - (57 + -52)) + -43.
21
Evaluate 61 + -13 - (-8 - (-40 - -33)).
49
What is 45 - (128 + -71 + -65)?
53
Evaluate 14 - (-13 + (6 - (-9 + -7)) + -8).
13
Evaluate -14 - (25 - 43 - 21) - 51.
-26
What is 59 + (54 - 50) + 1 + -8 + -9 + 7?
54
What is the value of -30 + (-109 + 70 - -79)?
10
Calculate -42 + (-64 - -29) + 57.
-20
Calculate -346 + 109 + 220 + (2 - 61) + -2.
-78
(-20 - (-4 + 5 + -14)) + -5
-12
Evaluate -20 + -1 + -3100 + 3074.
-47
Evaluate 41 + -19 - (330 + -280).
-28
What is (6 - -8) + -4 + (5 - 128) + 26?
-87
What is the value of -209 + 179 + (-8 - 7)?
-45
What is -1 + 71 - (19 - (15 - 22 - -19))?
63
Calculate -2168 - -2062 - (-1 - 41).
-64
Calculate (-2 - (6 - (-2 - -2))) + (-81 - (-23 - 33)).
-33
What is the value of (-59 - -42 - -2) + 7 + -16?
-24
Calculate 15 + -13 + 11 + (-11 - -2) - (-1 - 29).
34
Calculate -10 + 15 + (-158 + 17 - (10 - (-5 - -19))).
-132
What is the value of 48 - (171 - 69) - -10?
-44
Calculate (6 + 52 - 87) + (-15 - 2).
-46
What is the value of 37 + (-12 - 0) + 9 + -31 + 12?
15
Calculate 314 + -344 + (4 - (3 + -5)).
-24
(-30 - -4) + (-2 - 32 - -30)
-30
Evaluate 35 + (-9 + 12 - 23) + -37.
-22
Calculate -104 - -1 - (962 - 1067).
2
Calculate (-78 - -68) + 4 + (-51 - (8 + 1 + -3)).
-63
What is the value of 17 - (7 + -5) - (306 - 334)?
43
Calculate -27 + (22 - 6) + 0 + 3 + -68.
-76
Evaluate -59 + (21 - 122) + 141.
-19
Calculate (36 - 36) + 8 - (-19 + -3).
30
Calculate 22 - 6 - (20 - (5 - (10 + -13))).
4
6214 - 6106 - (-2 + 79)
31
What is the value of (2 + 9 - ((-7 - 10) + -2)) + 16?
46
13 + (1 - 20) + (-325 - -330) + -82 + 7
-76
What is (-25 - -6) + 40 + -8 + -24 + 11?
0
What is the value of -38 - (-11 + 40 + 8)?
-75
Calculate (-36 - (8 + (11 - 4) + -10)) + 12.
-29
Evaluate -147 + (-30 - -20) + 86.
-71
146 - (-6 + 179 - 100)
73
What is the value of 44 + -72 + 14 + 16?
2
What is the value of 8 - (-136 - -56) - 44?
44
-5 - (-79 - -5) - (20 - 14 - -30 - 44)
77
What is the value of 57 - (-4 - (-1 + 25 - 38))?
47
Evaluate (2086 - 2036) + -36 + -3.
11
Evaluate (-99 - (17 - (64 - 26))) + 16.
-62
Calculate -7 + 1 - 2 - ((14 - 44) + 13).
9
Evaluate (-5 + 59 - 44) + (0 - 21) + 8 + 81.
78
What is the value of 26 + -15 + (-8 - -46) - -1?
50
What is the value of -28 + -3 + 26 + -14 - -44?
25
30 + -56 + 0 + 39
13
What is (-11537 - -11441) + 1 + 104?
9
Calculate 13 + (9 - (-10 + 26 + -13)) + 22.
41
What is the value of (8 - (-1 + 3 + -4)) + -520 + 518?
8
(-2 - (11 - -1)) + (87 - (158 + -51))
-34
What is -1 + 4 + -9 + (109 - -32) + -8 + -30?
97
Calculate (-69 - (-58 + 21)) + -1.
-33
Calculate -5 + (-2 - (8 - 70) - -6) + -8.
53
What is (-8 - (-11 + 2 + 1 + 14)) + 7?
-7
What is -6 + -57 - (-488 + 475) - (-7 - 1)?
-42
-31 - (-35 + 24) - (-25 - -1)
4
What is the value of -15 + (40 + -1 - (66 + -71)) + -11?
18
Evaluate -129 + 6 + (1 - (-19 + 22) - -14).
-111
What is the value of (1 + 52 - 3) + (-40 - -24)?
34
What is the value of (13 - (11 + -14 + 7)) + (-10 - (-8 - -7))?
0
Calculate -10 + (7 - (14 + 3 + -18)) + 1 + -2.
-3
Calculate -30 - (2 - 17 - (31 + (43 - 98))).
-39
57 + (55 - (-16 + 77)) + (8 - 1)
58
What is (-3 - 5 - (1 + -22 - -12)) + -4?
-3
Calculate 28 + 7 - (69 + (-17 - -9)).
-26
What is (0 - -3) + (-13 - 30) + (225 - 220)?
-35
-12353 + 12325 - (34 + -2 + -1)
-59
Evaluate (-7 - ((15 - (12 - (-1 - -10))) + 85)) + -15.
-119
Calculate (4 - 23) + 7 + (7 + -38 - -15 - -27).
-1
Calculate 3 + 19 - (11 - (5 - 21)).
-5
Evaluate -9 + -68 + 29 + -1.
-49
Evaluate -1 + 87 + -91 + (4 - -6).
5
Calculate (5 - 2) + 62 - (-8 - (-90 + 67)).
50
What is the value of 6 + (57 - 84 - -15) + (-2 - -5) + -64?
-67
Calculate 14 - (398 + -371 + -3 + 0).
-10
Evaluate -4 - (1 - (-6 - -2 - -5)) - (115 + -122).
3
What is (7 - 17) + -133 + 125 - 0?
-18
(-2 - -37 - 16) + -15 + 87
91
What is the value of 24 - (1 + -58 + 91)?
-10
What is the value of (42 + 0 - 2) + -4912 + 4907?
35
Evaluate 45 + -31 - ((55 - (-5 + -3)) + -2).
-47
Evaluate -19 - (5 - (76 - (7 + -16))).
61
Evaluate -106 + 144 - (8 + 57).
-27
Calculate (-18 - ((2 - -31) + -149)) + -13.
85
Calculate 166 + -149 - (-1 + -6) - 34 - (-78 + -1).
69
Evaluate (57 + -33 - 47) + 48 - -95.
120
Evaluate 50 + (3 - (-5 - -2 - (-235 - -251))).
72
What is the value of (1 - -2 - (174 - 174)) + 19 - 2?
20
Calculate (-58 - (4 + -3)) + (47 + -1 + -27 - 30).
-70
-4 - -5 - -7 - (11 - 7 - -42)
-38
103 - (-42 + (-104 - -199))
50
Calculate 31 + (32 - (31 - -29)) - (-16 + 1).
18
What is the value of -4 - (20 + 1 - (120 + -201 + 82))?
-24
26 + (-4 - -4 - (-75 - -97))
4
Calculate 13 - 1 - (1073 